{"id":101,"date":"2016-04-17T17:09:08","date_gmt":"2016-04-17T17:09:08","guid":{"rendered":"https:\/\/openkitchen.com.br\/eventos-no-itaim-gastronomia\/?page_id=101"},"modified":"2025-07-10T14:13:05","modified_gmt":"2025-07-10T17:13:05","slug":"contato","status":"publish","type":"page","link":"https:\/\/openkitchen.com.br\/eventos-no-itaim-gastronomia\/contato\/","title":{"rendered":"CONTATO"},"content":{"rendered":"\t\t<div data-elementor-type=\"wp-page\" data-elementor-id=\"101\" class=\"elementor elementor-101\" data-elementor-post-type=\"page\">\n\t\t\t\t<div class=\"elementor-element elementor-element-14a3c63 e-con-full animated-fast e-flex elementor-invisible e-con e-parent\" data-id=\"14a3c63\" data-element_type=\"container\" data-e-type=\"container\" data-settings=\"{&quot;animation&quot;:&quot;fadeInUp&quot;,&quot;background_background&quot;:&quot;classic&quot;}\">\n\t\t\t\t<div class=\"elementor-element elementor-element-9c93706 elementor-widget elementor-widget-theme-post-title elementor-page-title elementor-widget-heading\" data-id=\"9c93706\" data-element_type=\"widget\" data-e-type=\"widget\" data-widget_type=\"theme-post-title.default\">\n\t\t\t\t<div class=\"elementor-widget-container\">\n\t\t\t\t\t<h1 class=\"elementor-heading-title elementor-size-default\">CONTATO<\/h1>\t\t\t\t<\/div>\n\t\t\t\t<\/div>\n\t\t\t\t<\/div>\n\t\t<div class=\"elementor-element elementor-element-15ea656 e-con-full e-flex e-con e-parent\" data-id=\"15ea656\" data-element_type=\"container\" data-e-type=\"container\">\n\t\t<div class=\"elementor-element elementor-element-c06091f e-con-full animated-fast e-flex elementor-invisible e-con e-child\" data-id=\"c06091f\" data-element_type=\"container\" data-e-type=\"container\" data-settings=\"{&quot;animation&quot;:&quot;fadeInLeft&quot;}\">\n\t\t\t\t<div class=\"elementor-element elementor-element-fb6cda5 elementor-widget elementor-widget-video\" data-id=\"fb6cda5\" data-element_type=\"widget\" data-e-type=\"widget\" data-settings=\"{&quot;youtube_url&quot;:&quot;https:\\\/\\\/www.youtube.com\\\/watch?v=L8PvwBab7Kc&amp;t=3s&quot;,&quot;video_type&quot;:&quot;youtube&quot;,&quot;controls&quot;:&quot;yes&quot;}\" data-widget_type=\"video.default\">\n\t\t\t\t<div class=\"elementor-widget-container\">\n\t\t\t\t\t\t\t<div class=\"elementor-wrapper elementor-open-inline\">\n\t\t\t<div class=\"elementor-video\"><\/div>\t\t<\/div>\n\t\t\t\t\t\t<\/div>\n\t\t\t\t<\/div>\n\t\t\t\t<\/div>\n\t\t<div class=\"elementor-element elementor-element-1f9ae64 e-con-full animated-fast e-flex elementor-invisible e-con e-child\" data-id=\"1f9ae64\" data-element_type=\"container\" data-e-type=\"container\" data-settings=\"{&quot;animation&quot;:&quot;fadeInRight&quot;}\">\n\t\t\t\t<div class=\"elementor-element elementor-element-2bab43d elementor-widget elementor-widget-text-editor\" data-id=\"2bab43d\" data-element_type=\"widget\" data-e-type=\"widget\" data-widget_type=\"text-editor.default\">\n\t\t\t\t<div class=\"elementor-widget-container\">\n\t\t\t\t\t\t\t\t\t<p>A Open Kitchen \u00e9 um espa\u00e7o de eventos completo preparado para relizar experi\u00eancias exclusivas em torno do universo gastron\u00f4mico.<\/p><p>Venha conhecer a nossa cozinha e tudo o que acontece ao seu redor.<\/p><p>Entre em contato para receber mais informa\u00e7\u00f5es, solicitar o aluguel do nosso espa\u00e7o ou um projeto completo que vai surpreender seus convidados.<\/p><p>Fale agora conosco e solicite uma cota\u00e7\u00e3o. #weareopen #openkitchensp<\/p>\t\t\t\t\t\t\t\t<\/div>\n\t\t\t\t<\/div>\n\t\t\t\t<\/div>\n\t\t\t\t<\/div>\n\t\t\t\t<\/div>\n\t\t","protected":false},"excerpt":{"rendered":"<p>https:\/\/www.youtube.com\/watch?v=L8PvwBab7Kc&#038;t=3s A Open Kitchen \u00e9 um espa\u00e7o de eventos completo preparado para relizar experi\u00eancias exclusivas em torno do universo gastron\u00f4mico. Venha conhecer a nossa cozinha e tudo o que acontece ao seu redor. Entre em contato para receber mais informa\u00e7\u00f5es, solicitar o aluguel do nosso espa\u00e7o ou um projeto completo que vai surpreender seus convidados. [&hellip;]<\/p>\n","protected":false},"author":2,"featured_media":1306,"parent":0,"menu_order":0,"comment_status":"closed","ping_status":"closed","template":"elementor_header_footer","meta":{"footnotes":""},"class_list":["post-101","page","type-page","status-publish","has-post-thumbnail","hentry"],"_links":{"self":[{"href":"https:\/\/openkitchen.com.br\/eventos-no-itaim-gastronomia\/wp-json\/wp\/v2\/pages\/101","targetHints":{"allow":["GET"]}}],"collection":[{"href":"https:\/\/openkitchen.com.br\/eventos-no-itaim-gastronomia\/wp-json\/wp\/v2\/pages"}],"about":[{"href":"https:\/\/openkitchen.com.br\/eventos-no-itaim-gastronomia\/wp-json\/wp\/v2\/types\/page"}],"author":[{"embeddable":true,"href":"https:\/\/openkitchen.com.br\/eventos-no-itaim-gastronomia\/wp-json\/wp\/v2\/users\/2"}],"replies":[{"embeddable":true,"href":"https:\/\/openkitchen.com.br\/eventos-no-itaim-gastronomia\/wp-json\/wp\/v2\/comments?post=101"}],"version-history":[{"count":29,"href":"https:\/\/openkitchen.com.br\/eventos-no-itaim-gastronomia\/wp-json\/wp\/v2\/pages\/101\/revisions"}],"predecessor-version":[{"id":2024,"href":"https:\/\/openkitchen.com.br\/eventos-no-itaim-gastronomia\/wp-json\/wp\/v2\/pages\/101\/revisions\/2024"}],"wp:featuredmedia":[{"embeddable":true,"href":"https:\/\/openkitchen.com.br\/eventos-no-itaim-gastronomia\/wp-json\/wp\/v2\/media\/1306"}],"wp:attachment":[{"href":"https:\/\/openkitchen.com.br\/eventos-no-itaim-gastronomia\/wp-json\/wp\/v2\/media?parent=101"}],"curies":[{"name":"wp","href":"https:\/\/api.w.org\/{rel}","templated":true}]}}

<div data-elementor-type="wp-page" data-elementor-id="101" class="elementor elementor-101" data-elementor-post-type="page">
				<div class="elementor-element elementor-element-14a3c63 e-con-full animated-fast e-flex elementor-invisible e-con e-parent" data-id="14a3c63" data-element_type="container" data-e-type="container" data-settings="{&quot;animation&quot;:&quot;fadeInUp&quot;,&quot;background_background&quot;:&quot;classic&quot;}">
				<div class="elementor-element elementor-element-9c93706 elementor-widget elementor-widget-theme-post-title elementor-page-title elementor-widget-heading" data-id="9c93706" data-element_type="widget" data-e-type="widget" data-widget_type="theme-post-title.default">
				<div class="elementor-widget-container">
					<h1 class="elementor-heading-title elementor-size-default">CONTATO</h1>				</div>
				</div>
				</div>
		<div class="elementor-element elementor-element-15ea656 e-con-full e-flex e-con e-parent" data-id="15ea656" data-element_type="container" data-e-type="container">
		<div class="elementor-element elementor-element-c06091f e-con-full animated-fast e-flex elementor-invisible e-con e-child" data-id="c06091f" data-element_type="container" data-e-type="container" data-settings="{&quot;animation&quot;:&quot;fadeInLeft&quot;}">
				<div class="elementor-element elementor-element-fb6cda5 elementor-widget elementor-widget-video" data-id="fb6cda5" data-element_type="widget" data-e-type="widget" data-settings="{&quot;youtube_url&quot;:&quot;https:\/\/www.youtube.com\/watch?v=L8PvwBab7Kc&amp;t=3s&quot;,&quot;video_type&quot;:&quot;youtube&quot;,&quot;controls&quot;:&quot;yes&quot;}" data-widget_type="video.default">
				<div class="elementor-widget-container">
							<div class="elementor-wrapper elementor-open-inline">
			<div class="elementor-video"></div>		</div>
						</div>
				</div>
				</div>
		<div class="elementor-element elementor-element-1f9ae64 e-con-full animated-fast e-flex elementor-invisible e-con e-child" data-id="1f9ae64" data-element_type="container" data-e-type="container" data-settings="{&quot;animation&quot;:&quot;fadeInRight&quot;}">
				<div class="elementor-element elementor-element-2bab43d elementor-widget elementor-widget-text-editor" data-id="2bab43d" data-element_type="widget" data-e-type="widget" data-widget_type="text-editor.default">
				<div class="elementor-widget-container">
									<p>A Open Kitchen é um espaço de eventos completo preparado para relizar experiências exclusivas em torno do universo gastronômico.</p><p>Venha conhecer a nossa cozinha e tudo o que acontece ao seu redor.</p><p>Entre em contato para receber mais informações, solicitar o aluguel do nosso espaço ou um projeto completo que vai surpreender seus convidados.</p><p>Fale agora conosco e solicite uma cotação. #weareopen #openkitchensp</p>								</div>
				</div>
				</div>
				</div>
				</div>

<p>https://www.youtube.com/watch?v=L8PvwBab7Kc&#038;t=3s A Open Kitchen é um espaço de eventos completo preparado para relizar experiências exclusivas em torno do universo gastronômico. Venha conhecer a nossa cozinha e tudo o que acontece ao seu redor. Entre em contato para receber mais informações, solicitar o aluguel do nosso espaço ou um projeto completo que vai surpreender seus convidados. [&hellip;]</p>
